{"id":161,"date":"2020-08-26T12:15:36","date_gmt":"2020-08-26T10:15:36","guid":{"rendered":"http:\/\/louatre.fr\/?page_id=161"},"modified":"2020-08-26T12:27:59","modified_gmt":"2020-08-26T10:27:59","slug":"cartes-didentite-et-passeports","status":"publish","type":"page","link":"https:\/\/louatre.fr\/?page_id=161","title":{"rendered":"Cartes d&rsquo;identit\u00e9, passeports, permis de conduire et certificat d&rsquo;immatriculation (carte grise)"},"content":{"rendered":"\n<p>Les passeports er les cartes d&rsquo;identit\u00e9&nbsp;sont &nbsp;r\u00e9alis\u00e9s par le poste de police municipale face \u00e0 la mairie de Villers-Cotterets<\/p>\n\n\n\n<p>sur rendez-vous :&nbsp;T\u00e9l : 03 23 96 22 17.<\/p>\n\n\n\n<p>Tous les formulaires sont disponibles sur ce site : <\/p>\n\n\n\n<figure class=\"wp-block-image size-large\"><img decoding=\"async\" loading=\"lazy\" width=\"311\" height=\"91\" src=\"http:\/\/louatre.fr\/wp-content\/uploads\/2020\/08\/Capture-de\u0301cran-2020-08-26-a\u0300-12.22.30.png\" alt=\"\" class=\"wp-image-167\" srcset=\"https:\/\/louatre.fr\/wp-content\/uploads\/2020\/08\/Capture-de\u0301cran-2020-08-26-a\u0300-12.22.30.png 311w, https:\/\/louatre.fr\/wp-content\/uploads\/2020\/08\/Capture-de\u0301cran-2020-08-26-a\u0300-12.22.30-300x88.png 300w\" sizes=\"(max-width: 311px) 100vw, 311px\" \/><\/figure>\n\n\n\n<p><a href=\"https:\/\/ants.gouv.fr\" target=\"_blank\" rel=\"noreferrer noopener\">https:\/\/ants.gouv.fr<\/a><\/p>\n\n\n\n\n\n<pre class=\"wp-block-code\"><code>\n<\/code><\/pre>\n","protected":false},"excerpt":{"rendered":"<p>Les passeports er les cartes d&rsquo;identit\u00e9&nbsp;sont &nbsp;r\u00e9alis\u00e9s par le poste de police municipale face \u00e0 la mairie de Villers-Cotterets sur rendez-vous :&nbsp;T\u00e9l : 03 23 96 22 17. Tous les formulaires sont disponibles sur ce site : https:\/\/ants.gouv.fr<\/p>\n","protected":false},"author":1,"featured_media":0,"parent":0,"menu_order":0,"comment_status":"closed","ping_status":"closed","template":"","meta":{"footnotes":""},"aioseo_notices":[],"_links":{"self":[{"href":"https:\/\/louatre.fr\/index.php?rest_route=\/wp\/v2\/pages\/161"}],"collection":[{"href":"https:\/\/louatre.fr\/index.php?rest_route=\/wp\/v2\/pages"}],"about":[{"href":"https:\/\/louatre.fr\/index.php?rest_route=\/wp\/v2\/types\/page"}],"author":[{"embeddable":true,"href":"https:\/\/louatre.fr\/index.php?rest_route=\/wp\/v2\/users\/1"}],"replies":[{"embeddable":true,"href":"https:\/\/louatre.fr\/index.php?rest_route=%2Fwp%2Fv2%2Fcomments&post=161"}],"version-history":[{"count":7,"href":"https:\/\/louatre.fr\/index.php?rest_route=\/wp\/v2\/pages\/161\/revisions"}],"predecessor-version":[{"id":170,"href":"https:\/\/louatre.fr\/index.php?rest_route=\/wp\/v2\/pages\/161\/revisions\/170"}],"wp:attachment":[{"href":"https:\/\/louatre.fr\/index.php?rest_route=%2Fwp%2Fv2%2Fmedia&parent=161"}],"curies":[{"name":"wp","href":"https:\/\/api.w.org\/{rel}","templated":true}]}}