{"id":185,"date":"2020-08-27T11:44:55","date_gmt":"2020-08-27T09:44:55","guid":{"rendered":"http:\/\/louatre.fr\/?page_id=185"},"modified":"2020-10-10T09:31:37","modified_gmt":"2020-10-10T07:31:37","slug":"gestion-des-dechets","status":"publish","type":"page","link":"https:\/\/louatre.fr\/?page_id=185","title":{"rendered":"Gestion des d\u00e9chets"},"content":{"rendered":"\n<p><strong>Mise \u00e0 disposition d&rsquo;un Broyeur des tailles de Branches et R\u00e9cup\u00e9ration de paillis.<\/strong><\/p>\n\n\n\n<p>La mairie a\u00a0achet\u00e9 un broyeur, qui permettra \u00e0 ceux qui le souhaitent de broyer leurs branches et de r\u00e9cup\u00e9rer le paillis.<br><br>Nous r\u00e9aliserons un premier test le samedi 17 octobre 2020 de 10 h \u00e0 12 h.Pour ceux qui seraient int\u00e9ress\u00e9s, merci de nous contacter pour\u00a0r\u00e9server un cr\u00e9neau.<\/p>\n\n\n\n<p>Vous trouverez les modalit\u00e9s dans la d\u00e9lib\u00e9ration ci-jointe.<\/p>\n\n\n\n<div class=\"wp-block-file\"><a href=\"http:\/\/louatre.fr\/wp-content\/uploads\/2020\/10\/2020-09-03-Modalite\u0301-dutilisation-du-broyeur.pdf\">2020-09-03-Modalite\u0301-dutilisation-du-broyeur<\/a><a href=\"http:\/\/louatre.fr\/wp-content\/uploads\/2020\/10\/2020-09-03-Modalite\u0301-dutilisation-du-broyeur.pdf\" class=\"wp-block-file__button\" download>T\u00e9l\u00e9charger<\/a><\/div>\n\n\n\n<p><strong>D\u00e9chets verts<\/strong><\/p>\n\n\n\n<p>En parall\u00e8le, une benne pour recevoir des d\u00e9chets verts (tontes, feuilles, glands, marrons&#8230;.) sera mise \u00e0 disposition le m\u00eame jour et aux m\u00eames horaires.<\/p>\n\n\n\n<p><\/p>\n\n\n\n<p><strong>La collecte des d\u00e9chets est g\u00e9r\u00e9e par la Communaut\u00e9 de Communes Retz-en-Valois. <\/strong><\/p>\n\n\n\n<p>La collecte des ordures m\u00e9nag\u00e8res et des d\u00e9chets recyclables a lieu tous les lundi.<\/p>\n\n\n\n<p>La collecte des verres a lieu une fois tous les 2 mois. <\/p>\n\n\n\n<p><em>Prochaines dates : 9 Septembre et 4 Novembre 2020.<\/em><\/p>\n\n\n\n<p>La collecte des encombrants a lieu une fois par an.<\/p>\n\n\n\n<p><em>Prochaine date : 17 Novembre 2020.<\/em><\/p>\n\n\n\n<p>Lou\u00e2tre d\u00e9pend de la d\u00e9ch\u00e8terie de Villers-Cotter\u00eats :<\/p>\n\n\n\n<p><strong>Pour toute information :<\/strong><\/p>\n\n\n\n<p>D\u00e9ch\u00e8terie de Villers-Cotter\u00eats<\/p>\n\n\n\n<p>Zone de Verriers<\/p>\n\n\n\n<p>02600 VILLERS-COTTERETS<\/p>\n\n\n\n<p>03 23 96 43 57<\/p>\n\n\n\n<div class=\"wp-block-file\"><a href=\"http:\/\/louatre.fr\/wp-content\/uploads\/2020\/08\/Calendrier-collecte-des-de\u0301chets.pdf\">Calendrier-collecte-des-de\u0301chets<\/a><a href=\"http:\/\/louatre.fr\/wp-content\/uploads\/2020\/08\/Calendrier-collecte-des-de\u0301chets.pdf\" class=\"wp-block-file__button\" download>T\u00e9l\u00e9charger<\/a><\/div>\n\n\n\n<p><\/p>\n","protected":false},"excerpt":{"rendered":"<p>Mise \u00e0 disposition d&rsquo;un Broyeur des tailles de Branches et R\u00e9cup\u00e9ration de paillis. La mairie a\u00a0achet\u00e9 un broyeur, qui permettra \u00e0 ceux qui le souhaitent de broyer leurs branches et de r\u00e9cup\u00e9rer le paillis. Nous r\u00e9aliserons un premier test le samedi 17 octobre 2020 de 10 h \u00e0 12 h.Pour ceux qui seraient int\u00e9ress\u00e9s, merci &hellip; <\/p>\n<p class=\"link-more\"><a href=\"https:\/\/louatre.fr\/?page_id=185\" class=\"more-link\">Continuer la lecture<span class=\"screen-reader-text\"> de &laquo;&nbsp;Gestion des d\u00e9chets&nbsp;&raquo;<\/span><\/a><\/p>\n","protected":false},"author":1,"featured_media":0,"parent":0,"menu_order":0,"comment_status":"closed","ping_status":"closed","template":"","meta":{"footnotes":""},"aioseo_notices":[],"_links":{"self":[{"href":"https:\/\/louatre.fr\/index.php?rest_route=\/wp\/v2\/pages\/185"}],"collection":[{"href":"https:\/\/louatre.fr\/index.php?rest_route=\/wp\/v2\/pages"}],"about":[{"href":"https:\/\/louatre.fr\/index.php?rest_route=\/wp\/v2\/types\/page"}],"author":[{"embeddable":true,"href":"https:\/\/louatre.fr\/index.php?rest_route=\/wp\/v2\/users\/1"}],"replies":[{"embeddable":true,"href":"https:\/\/louatre.fr\/index.php?rest_route=%2Fwp%2Fv2%2Fcomments&post=185"}],"version-history":[{"count":2,"href":"https:\/\/louatre.fr\/index.php?rest_route=\/wp\/v2\/pages\/185\/revisions"}],"predecessor-version":[{"id":364,"href":"https:\/\/louatre.fr\/index.php?rest_route=\/wp\/v2\/pages\/185\/revisions\/364"}],"wp:attachment":[{"href":"https:\/\/louatre.fr\/index.php?rest_route=%2Fwp%2Fv2%2Fmedia&parent=185"}],"curies":[{"name":"wp","href":"https:\/\/api.w.org\/{rel}","templated":true}]}}